tors of h?
2, 3
Let o be 8 - (-11)/(11/1082). Suppose 0 = 3*f - 4*p - o, 4*f + 4*p - 1806 = -f. What are the prime factors of f?
2, 181
Let h be -8 + 5 + (-6)/(-4)*134. Suppose -h = q - 12*q. What are the prime factors of ((-354)/q)/(3/(-9))?
59
Suppose 0 = 21*u - 25 - 17. Suppose 25 = 5*d, -3*j - 3*d - 5 = -4*d. Suppose -182 = -u*c - c - 5*y, j = -4*c - 2*y + 252. What are the prime factors of c?
2
Let m(j) = j**3 + 37*j**2 - 59*j - 55. Let t be m(-38). Suppose 5*b - 3*k - 1905 = 0, 2*b - k = 4*k + t. What are the prime factors of b?
2, 3
Let r(z) = 28*z - 476. Let w be r(17). Let t be ((-4)/(-2))/2 + 3. Suppose 4*g + 4*s = 192, w = 3*g - 7*g + t*s + 192. List the prime factors of g.
2, 3
Suppose -3770 = -5*b + 1925. Suppose -858 = -k + b. What are the prime factors of k?
1997
Let b(x) = 3128*x - 12940. What are the prime factors of b(33)?
2, 22571
Let v = 35 + -63. Let d be (-1329)/(-7) - 4/v. Let q = -85 + d. What are the prime factors of q?
3, 5, 7
Let g(m) = 3385*m**3 - 8*m**2 + 168*m - 340. List the prime factors of g(2).
2, 6761
Let s(k) = 980*k - 56. Let l be s(3). Suppose -4*n + 438 = t, 4*t + 5*n = -1154 + l. List the prime factors of t.
2, 5, 43
List the prime factors of (8056/(-12))/(20/(-2296 - -16)).
2, 19, 53
Let g(s) = 6*s**3 + 43*s**2 + 36*s - 43. What are the prime factors of g(15)?
2, 7, 41, 53
Let p be (-545)/15 + (-1)/(-3). Suppose 4*i - 2*i + 8 = 0, -5*i + 730 = 5*s. Let r = s + p. List the prime factors of r.
2, 3, 19
Let b(t) = 3*t - 3. Let a be b(1). Suppose 3*o + 4*g - 1500 = a, 0 = 5*o + 4*g - g - 2500. What are the prime factors of o?
2, 5
Let f(z) = -177*z + 1581. List the prime factors of f(7).
2, 3, 19
Let u(v) = -2*v**2 - 18*v - 4. Let k be u(-7). Let n = k + -22. Suppose -4*f = n*f - 594. What are the prime factors of f?
3, 11
Let h(u) be the first derivative of 420*u**2 + 25*u - 188. List the prime factors of h(2).
5, 11, 31
Suppose -42*q + 100239 - 18591 = 0. List the prime factors of q.
2, 3
What are the prime factors of ((-4)/(-4))/((-5)/(-268760)*4) - 5?
7, 19, 101
Let k(z) = z**3 + 59*z**2 - 266*z + 64. What are the prime factors of k(-60)?
2, 1553
Let j be (-12 + 3)*(-1)/3. Let l = 2724 + -2453. Suppose -j*p - 4*r + 3*r = -161, -l = -5*p - 3*r. List the prime factors of p.
53
Let s(p) = -p - 2. Suppose 0 = -7*o + 11*o + 20. Let m be s(o). Suppose 0*v + m*t = 5*v - 442, -3*t = 3*v - 246. What are the prime factors of v?
2, 43
Suppose 0 = 3*u + 5*h, 2*h = -u - 0*h. Suppose u = 3*c + 2*c + 290. Let k = c + 159. List the prime factors of k.
101
Let g(j) = -2*j**2 + 4*j + 2. Let f be g(11). Suppose 3*p + 333 = -0*m + 3*m, -3*p - 333 = m. Let r = p - f. What are the prime factors of r?
5, 17
Suppose 5*g = d + 6179, 2*g - d + 4936 = 6*g. Suppose o = 2*l + 624, -4*o + 2*l = -g - 1261. What are the prime factors of o?
2, 3, 13
List the prime factors of 177719/9 + (8 - 11)/((-27)/4).
7, 13, 31
Suppose 0 = -739*d + 722*d + 108001. What are the prime factors of d?
6353
Let m be -1 - (-3 + 3 + -9). Suppose 0 = -4*w + m*w. Let l(r) = -2*r + 135. List the prime factors of l(w).
3, 5
Let s be ((-6)/(-9))/(11/((-22473)/(-6))). Let u = s + -131. Suppose -11*l - u = -19*l. List the prime factors of l.
2, 3
Let v be (-8)/3*(-2 - -24 - -2). Let g = v - -40. List the prime factors of (-2*(-39)/g)/((-1)/52).
13
Let b be (-46)/(-3)*9/(-12)*-8. Suppose 94*g = b*g + 346. List the prime factors of g.
173
Let q(d) = 74*d**3 + d**2 + 9*d - 19. Let j be q(2). Suppose -13*z - j + 7004 = 0. What are the prime factors of z?
17, 29
Suppose -3*z = -a + 9 - 1, 0 = 5*a + 2*z - 91. Suppose -63*s + 426 = 76*s - 269. Let g = a + s. List the prime factors of g.
2, 11
Let z(d) = 1089*d - 3201. What are the prime factors of z(18)?
3, 7, 11, 71
Let j(w) = -23*w**2 + 2*w - 1. Let n be j(1). List the prime factors of (7 - (-14943)/33) + (-4)/n.
2, 5, 23
Let z(x) = -x**2 + 77*x + 4036. List the prime factors of z(0).
2, 1009
Let p be 1/2*(1 + -3)*-3. Let w(v) = 32*v**2 - 4*v - 1. Let r be w(p). What are the prime factors of (r/15 + 0)/(1/6)?
2, 5, 11
Let p = 154 + -202. List the prime factors of 678/(-8)*128/p.
2, 113
Suppose -29 = -4*n - 61. Let j(v) = -234*v - 290. What are the prime factors of j(n)?
2, 7, 113
Let o(a) = -a**3 + 5*a**2 + 16*a + 46. Let h be o(9). List the prime factors of (201/h)/((-6)/4444).
11, 101
Let t be (-1 - 1)/2 - 3. Suppose -18 = -8*g + 189 - 79. List the prime factors of (-3 + (-388)/g)*t.
109
Let s be (-10 + 8)/2 - -35. Let a(y) = -y**2 + 89*y + 5. What are the prime factors of a(s)?
3, 5
Let c be -3 - (-4 - 31)/7. What are the prime factors of (-4 - (-88)/32)/(c/(-1192))?
5, 149
Let f be ((-6)/2)/(6/20). Let y = 32 + f. List the prime factors of (-8)/(-3)*99/y.
2, 3
Let a = -37210 + 72566. What are the prime factors of a?
2, 8839
Suppose -5*l - 2*g + 95 = 0, -4*l + 67 + 11 = 2*g. Suppose -b + 2*x = -x + 49, 51 = -b + x. Let i = l - b. List the prime factors of i.
3, 23
Let g(a) = -2*a**2 - 12*a + 16. Let f = 24 + -31. Let m be g(f). Suppose -m*j + 6 = 0, 2*s - 6*j + 2*j - 102 = 0. What are the prime factors of s?
3, 19
What are the prime factors of -1*(-3 - -1)*379001/58?
7, 1867
Suppose 4*y - 3*u + 112 = -u, 4*u = 2*y + 56. Let z = 30 + y. List the prime factors of z*(-3 - (-385)/10).
71
Let z(a) = a**2 + 5*a + 45. Let u be z(9). Let o = u + 337. What are the prime factors of o?
2, 127
Suppose 193*a - 179*a = 335916. List the prime factors of a.
2, 3, 31, 43
Let q(y) = 269*y + 15999. What are the prime factors of q(16)?
79, 257
Let r(z) = 248*z + 17. Let y(i) = -697 - 33*i - 29*i + 693. Let k(v) = -6*r(v) - 26*y(v). What are the prime factors of k(1)?
2, 3, 7
Let w(j) = -j**3 + 15*j**2 + 20*j - 72. List the prime factors of w(-8).
2, 5, 31
Suppose 19*b = 2*b + 221. Suppose 5*k + 8*a - b*a = 2365, -2*a = -10. What are the prime factors of k?
2, 239
Let x(q) = -q**2 - 1. Let a = -31 + 35. Let r(o) = -31*o**2 + 2*o + 1. Let p(w) = a*x(w) - r(w). List the prime factors of p(2).
3, 11
Suppose -2*k = -261 + 255. Suppose -k*m + 0*m = -717. List the prime factors of m.
239
Let h = -48 - -55. Suppose -h*j = 30 - 618. Let b = 9 + j. What are the prime factors of b?
3, 31
Suppose -17 = b - 21. Suppose 3*i - b*u - 864 = 0, 2*i = 4*i + 5*u - 599. List the prime factors of i.
2, 73
Suppose 0 = -110*a + 98*a + 187584. What are the prime factors of a?
2, 977
Suppose 4*l + 0*i = -2*i + 8, -4*l = -3*i - 8. Let d(u) = -5*u**3 - 4*u + 15*u**l - 2*u**3 + 8*u**3 + 31 - 3*u. List the prime factors of d(-15).
2, 17
Let m = -711 + 6480. What are the prime factors of m?
3, 641
Let r(w) = -577*w - 438. What are the prime factors of r(-7)?
13, 277
Let u = -538 - -1994. Let j = -812 + u. List the prime factors of j.
2, 7, 23
Let z(y) be the first derivative of 1239*y**4/4 + 3*y**3 - y**2 - y - 127. List the prime factors of z(1).
3, 5, 83
Let y be 1/((-7)/((-84)/3)). Suppose -4*a + 0*a + y*o = -356, 4*o = -5*a + 490. List the prime factors of a.
2, 47
Suppose -659484 = -372*j + 288*j. List the prime factors of j.
3, 2617
Let w(z) = -2*z**3 + 5*z**2 + 4*z - 9. Let n be w(-6). Let u = n - -58. What are the prime factors of u?
7, 13
Let n(q) = 328*q**2 + 2486*q - 8. What are the prime factors of n(-11)?
2, 7, 881
Suppose 0 = 3*h + 3*w - 150, 0 = h + 3*h - 2*w - 176. Let n = -38 + h. What are the prime factors of 126/n + 8/32?
2
Let n be ((66/8)/(-3))/(5/(-440)). Let m = 393 + n. List the prime factors of m.
5, 127
Let y = 62 + -48. Let r = -10 + y. Suppose -r*m - m + 520 = 0. List the prime factors of m.
2, 13
Let s be (-1)/7 + 338/14. Let w be (-1)/(-4) + -14*69/s. Let f = w - -137. What are the prime factors of f?
97
Let r(z) = 11*z + 1255. What are the prime factors of r(-29)?
2, 3, 13
Suppose -2*u - 5*h - 19 = 0, 0 = -4*u - 4*h - 0*h - 20. Let q be 1 - u/(2/55). Suppose 2*b - q = -4*v, b - 8 = -4*v + 12. List the prime factors of b.
2, 3
Let y be 5/(-15) - 4/6. List the prime factors of ((-32)/(-12) + y)*129.
5, 43
Let x be (1*(-3)/6)/(2/32). Let s(o) = -o**3 - 2*o**2 + 10*o + 17. Let n be s(x). Let p = -109 + n. What are the prime factors of p?
2, 53
Let n(p) be the first derivative of 23*p**4/4 - p**3 + 7*p**2/2 - 6*p - 19. List the prime factors of n(2).
2, 3, 5
Suppose 4507 = 5*b + z, -z + 8 - 11 = 0. Suppose i - 319 = 2*a, -3*i - 5*a + 